et h = -10 - -12. Let v(f) = -f + 0*f + h*f + f. Suppose -24*d + 30 = -42. What is v(d)?
6
Let l(w) = -3*w - 13. Let p be l(6). Let m = 34 + p. Let y(u) = 5 + m*u**2 - 1 - 3 + u - 2. Calculate y(1).
3
Let f(x) = x**2 - 24*x + 28. Let i(j) = -6*j**2 + 129*j - 139. Let q(d) = 11*f(d) + 2*i(d). Calculate q(-6).
30
Let f(t) = t**2 + 55*t - 168. Let y be f(3). Let p(c) be the second derivative of c**5/20 - 5*c**4/12 - 2*c**3/3 + 3*c**2/2 - c. What is p(y)?
15
Let l(f) = 162 + 161 + 158 + 162 + 19*f - 655 - f**2. What is l(14)?
58
Suppose 54*v = 58*v - 28. Suppose 2*g - 1 = 3*a, a = 2*g + 4*a - v. Suppose 0 = 3*s - 5*o - 6, 0*s + g*o = 3*s - 6. Let r(n) = n - 3. Calculate r(s).
-1
Let p(j) = -j**3 + 21*j**2 - 2*j. Let w = 22584 + -22584. Calculate p(w).
0
Let r(o) be the second derivative of o**6/120 + 2*o**5/15 + o**4/8 - 3*o**3/2 - 66*o**2 + 25*o. Let l(y) be the first derivative of r(y). Determine l(-7).
19
Let v be 22*((-7)/(-2) - 2). Suppose -55 = -12*k + k. Suppose -4*d - 12 - v = 5*p, 4*p + 45 = -k*d. Let q(c) = c - 1. Determine q(d).
-6
Let i(s) be the second derivative of s**4/4 + 25*s**3/6 + s**2 + 11*s + 1. Let r be i(-8). Let l(m) = m**2 + 8*m + 1. Calculate l(r).
-11
Suppose 774*j - 789*j + 30 = 0. Let i(q) = -5*q + 6*q - 3*q + j + 5*q + q. Let w be (-38)/(-14) + 4/14. Calculate i(w).
14
Suppose 3*o - 15 = -a, -a + 12 + 7 = 4*o. Let h(p) = -2*p - 5*p - p**3 + 134 - 139 + 14*p + 3*p**2. Determine h(o).
7
Let n(h) = -h - 182. Let w(r) = -2*r - 260. Let p(j) = 3*n(j) - 2*w(j). Determine p(13).
-13
Suppose x + 26 = 23. Let i be x - (0 + -6 - 0). Let w(v) = v**3 - 4*v**2 + 3*v + 2. What is w(i)?
2
Let a(u) = -3*u + 4*u - 1 + 6*u. Suppose -15*n = -4*n - 22. Suppose g + 3*p - n = 0, 4*g + 2 = p - 3. Give a(g).
-8
Let i(w) = -4*w**2 + 6*w + 5. Let j(d) = -15*d**2 + 23*d + 26. Let o(p) = -11*i(p) + 3*j(p). Determine o(6).
5
Let y(j) = -j + 1. Let g(k) = -12*k - 86. Let u be (-3)/5 - ((-160)/(-25) + 0). Let r be g(u). What is y(r)?
3
Let h(f) = f**2 + 9*f - 1. Let w(a) = -156*a + 1248. Let u be w(8). Determine h(u).
-1
Let d(k) = 10406 - 10403 - 2*k + 3*k. Let h be (-90)/21 + (-6)/(-21) + 0. Determine d(h).
-1
Let v(y) = -6*y + 15*y - y**2 - 7*y - 2*y - 6*y. Let k be v(-7). Let j(f) = f**3 + 7*f**2 + f + 8. Calculate j(k).
1
Let j(a) be the third derivative of 34*a**2 + 0 + 0*a + 1/60*a**5 + 1/4*a**4 - 1/6*a**3. Determine j(-7).
6
Let w(l) = 9*l + 1. Let g = -776 - -774. What is w(g)?
-17
Let b = -79 - -74. Let y(r) = -5*r**2 + 8*r - 26. Let a(x) = -3*x**2 + 5*x - 17. Let z(h) = b*y(h) + 8*a(h). Give z(0).
-6
Let u = -7 + 4. Let f be (-1)/(-2) + u/(-6). Let l(m) = 1303*m**2 + 7*m + 8. Let z(b) = -782*b**2 - 4*b - 5. Let n(c) = -3*l(c) - 5*z(c). Calculate n(f).
1
Let s(p) = -275*p + 95. Let l(r) = -37*r + 14. Let q(x) = -15*l(x) + 2*s(x). Give q(5).
5
Let d(s) = -s**2 + 2*s + 4. Let r be (1449/(-5) - -1) + 416/520. Let m = r - -284. Calculate d(m).
-20
Let g(h) be the third derivative of 23*h**4/24 - 101*h**3/6 - 7*h**2 + 555. Give g(4).
-9
Let t(g) = -g**2 - 3*g. Let f be t(-4). Let o(a) = -28*a**2 - 26*a**2 + 113*a**2 - 60*a**2 - 4 - 3*a. Determine o(f).
-8
Let f(l) = -6*l**3 - 4*l**2 + 2*l - 20. Let a(s) = -11*s**3 - 9*s**2 + s - 38. Let b(p) = -5*a(p) + 9*f(p). What is b(-8)?
-30
Let j(w) = w**3 + 31*w**2 - 139*w + 26. Let u be j(-35). Let n(r) = r**3 + 8*r**2 - 13*r - 3. Calculate n(u).
33
Let i(h) = -h + 64. Suppose -5951*r + 5859*r = 920. Give i(r).
74
Let g be ((-3)/(-27))/((-24)/(-360)). Let b(v) be the third derivative of 1/120*v**6 + 0*v - 1/6*v**4 - 1/10*v**5 - 18*v**2 - g*v**3 + 0. Give b(7).
11
Let m(c) = 14*c - 7*c + 5 - c + 22 - 2. Calculate m(13).
103
Let b(g) be the first derivative of g**3/3 + 5*g**2/2 - 61*g - 42. Let t be b(5). Let h(s) = -s**3 - 11*s**2 - 10. Give h(t).
-10
Let y(f) = 2*f - 3. Let m be (2/4 - -1)/((-35)/140). Let z be (-10)/15 + 1 - 10/m. Calculate y(z).
1
Let t(b) = -2 - 22*b**3 + 4 - 17 + 14. Calculate t(1).
-23
Let q(y) = -y**3 - 9*y**2 - 11*y - 21. Let g be q(-8). Let x(d) = -7 + d**2 + 5 + 4 + g*d. Give x(-4).
6
Let n(p) = 60*p + 3. Let x = 9441 + -9442. What is n(x)?
-57
Let l(s) = 312*s + 1563. Let a be l(-5). Let f(o) = -o**2 - 12*o + 31. Determine f(a).
-14
Let v = 5 - 11. Let t(o) = -o**2 - 14*o - 7. Let w(d) = 4 - 101*d + 102*d - 3. Let i(s) = v*w(s) - t(s). Calculate i(-7).
-6
Let d(v) be the second derivative of -v**5/10 + v**4/3 - v**3/3 - v**2 - 120*v + 9. Give d(2).
-6
Let u(g) = -g - 9. Let l be u(-12). Suppose m = l*q + 2*m - 23, 25 = 3*q - m. Let b(d) = -3 - d**3 + 3*d**2 + 0*d**2 + q*d - 3*d - d. Calculate b(3).
9
Suppose -55*o + 14 = -2*s - 53*o, 5*s + 38 = 4*o. Let b(w) = 11*w + 74. Give b(s).
-36
Let y(g) be the second derivative of g**4/6 - 7*g**3/2 + 35*g**2/2 + 2617*g. Give y(8).
-5
Let g = 46 + -40. Let u(l) = -17*l + 11*l + l + 8*l - 18. Calculate u(g).
0
Suppose -5*d + 25 = 2*x + 2*x, 0 = 3*d + 5*x - 15. Suppose d*k - 102 = -k. Let c = k - 15. Let o(q) = -2*q**3 + 2*q**2 + 2*q - 2. What is o(c)?
-6
Suppose -8*v + 4*v - 8 = 0. Let l = v - -4. Let x(d) = d**3 + 0 + 3*d**l - 10*d**2 + 9. Give x(7).
9
Let t(a) = -9*a**2 + 23*a + 1. Let j(p) = -4*p**2 + 11*p. Let g(b) = -7*j(b) + 3*t(b). Let u(f) = 123*f + 1608. Let c be u(-13). What is g(c)?
12
Suppose 5*m - 201 + 236 = 0. Let x(v) = -v**2 - 9*v + 5. Calculate x(m).
19
Let v(o) = 9*o**2 - 62*o + 2. Let h(r) = -28*r**2 + 218*r - 7. Let p(d) = -2*h(d) - 7*v(d). Give p(-1).
-5
Let x(s) = -283*s - 1. Let j(b) = 103*b. Let m(l) = -11*j(l) - 4*x(l). Determine m(21).
-17
Let s(r) be the third derivative of -r**7/5040 + 7*r**6/720 + 17*r**5/30 - 3*r**2 - 15. Let k(l) be the third derivative of s(l). Calculate k(11).
-4
Let n(k) = 6*k**2 - 4*k + 507. Let x(l) = -l**2 + l - 114. Let h(p) = -2*n(p) - 9*x(p). Give h(-3).
-12
Let c(m) = -m**3 - 3*m**2 - 2*m + 2. Let y = -521 + 1337. Suppose 2*o = 10*o - y. Let r = o - 104. Determine c(r).
2
Suppose -12*f + 28*f + 3 = -13. Let z(y) = -78*y + 2. Give z(f).
80
Suppose 7*g - 3*g = -3*k + 27, -2*k - 2*g + 16 = 0. Let u(r) be the third derivative of r**5/60 - 3*r**4/8 + 5*r**3/6 - 10403*r**2. What is u(k)?
-15
Let s(o) = o**2 + 7*o - 8. Let u(n) = -n**2 - 25*n - 52. Let h be u(-23). Calculate s(h).
-14
Let f be 0/3 - -3*121/(-3). Let n = f + 119. Let j be (n/(-10)*-2)/(3/60). Let a(b) = b**2 + 8*b + 5. Give a(j).
5
Let m = -3640 + 3637. Let a(u) = 4*u - 1. What is a(m)?
-13
Let y(i) = 3*i + 5. Suppose -t + 2*a - 48 = -6*t, -2*t = -5*a - 25. Let u be (12/10)/(-3)*t. Let p be (60/(-18))/(u/(-6)). What is y(p)?
-10
Let h(v) = 1 - 176*v + 20*v**2 + 175*v - 21*v**2 + 16*v**3. Suppose c + 15 = 6*c. Let s be (2 - c)*(0 + -1). Give h(s).
15
Let h be 0 + (-20)/5 + 0 + -3. Let t(s) = -15*s - 2. Let p(v) = -43*v - 6. Let c(z) = 6*p(z) - 17*t(z). Give c(h).
19
Let h(w) = w + 4. Let y = -670 + 664. Let s(k) = -8*k - 51. Let t(n) = y*h(n) - s(n). Calculate t(-13).
1
Let j = -100 - -115. Suppose -j*o + 8*o = 77. Let c(w) = w + 15. What is c(o)?
4
Let j be (-3)/(0 + ((-135)/(-10))/(-9)). Suppose 0 = 5*i + 2*a + 18, j*a = -3 - 5. Let k(v) = -v**3 - 2*v**2 + 4. Give k(i).
4
Let j be (960/18)/8*(18/4 - 3). Let k(m) = -m**3 + 10*m**2 - 4*m + 19. Give k(j).
-21
Let p(s) = -6*s**3 + 4*s**2 - s + 2. Let u(q) = -q**3 - q. Let z(l) = p(l) - 5*u(l). Let m be (267/3204)/(3/180). Give z(m).
-3
Let f = 4 - 10. Let g(p) = -8*p**2 - 175*p - 11. Let s(a) = 5*a**2 + 106*a + 5. Let c(h) = -3*g(h) - 5*s(h). Determine c(f).
2
Let y(w) be the second derivative of 5*w**3/3 - 45*w**2 + 1100*w - 2. Give y(10).
10
Let w(h) = 4*h**3 + 1. Let d(g) = 4*g - 9. Let f be d(12). Let y = -37 + f. Suppose y + 9 = 11*a. What is w(a)?
5
Let i(b) = -b**3 - 16*b**2 + 19*b + 17. Let l be i(-17). Let q(z) = -z**3 - 16*z**2 + 18*z + 19. Give q(l).
2
Let z(y) = -y**2 - 11*y + 15. Let l(t) = -27*t + 228. Let w be l(9). Determine z(w).
-45
Let z = -183 + 186. Let x(p) = -z - 18*p + 9*p + 2. Let v(c) = -3*c - 1. Let j be v(-1). Give x(j).
-19
Let a(s) = s - 9. Let u(n) be the second derivative of n**5/20 - n**4/3 + 13*n**2/2 + 42*n. Let h be u(4). Determine a(h).
4
Let h(w) = 745*w + 736*w + 41 + 733*w - 113 - 2208*w. What is h(23)?
66
Let j = 38 + -33. Suppose -4*x + j*o - 2*o = 7, 0 = -5*x + 2*o. Let l(r) = -457*r + 3 + 443*r - x. What is l(-1)?
15
Let r =